{"version":"1.0","provider_name":"Innsbruck International 2022","provider_url":"https:\/\/2022.innsbruckinternational.com\/de","author_name":"Nicole Alber","author_url":"https:\/\/2022.innsbruckinternational.com\/de\/author\/nicole\/","title":"Ausstellung Public Space \/ Prlja - Innsbruck International 2022","type":"rich","width":600,"height":338,"html":"<blockquote class=\"wp-embedded-content\" data-secret=\"rnccMiYMxN\"><a href=\"https:\/\/2022.innsbruckinternational.com\/de\/event\/ausstellung-public-space\/\">Ausstellung Public Space \/ Prlja<\/a><\/blockquote><iframe sandbox=\"allow-scripts\" security=\"restricted\" src=\"https:\/\/2022.innsbruckinternational.com\/de\/event\/ausstellung-public-space\/embed\/#?secret=rnccMiYMxN\" width=\"600\" height=\"338\" title=\"&#8222;Ausstellung Public Space \/ Prlja&#8220; &#8211; Innsbruck International 2022\" data-secret=\"rnccMiYMxN\" frameborder=\"0\" marginwidth=\"0\" marginheight=\"0\" scrolling=\"no\" class=\"wp-embedded-content\"><\/iframe><script type=\"text\/javascript\">\n\/*! This file is auto-generated *\/\n!function(d,l){\"use strict\";var e=!1,o=!1;if(l.querySelector)if(d.addEventListener)e=!0;if(d.wp=d.wp||{},!d.wp.receiveEmbedMessage)if(d.wp.receiveEmbedMessage=function(e){var t=e.data;if(t)if(t.secret||t.message||t.value)if(!\/[^a-zA-Z0-9]\/.test(t.secret)){for(var r,a,i,s=l.querySelectorAll('iframe[data-secret=\"'+t.secret+'\"]'),n=l.querySelectorAll('blockquote[data-secret=\"'+t.secret+'\"]'),o=new RegExp(\"^https?:$\",\"i\"),c=0;c<n.length;c++)n[c].style.display=\"none\";for(c=0;c<s.length;c++)if(r=s[c],e.source===r.contentWindow){if(r.removeAttribute(\"style\"),\"height\"===t.message){if(1e3<(i=parseInt(t.value,10)))i=1e3;else if(~~i<200)i=200;r.height=i}if(\"link\"===t.message)if(a=l.createElement(\"a\"),i=l.createElement(\"a\"),a.href=r.getAttribute(\"src\"),i.href=t.value,o.test(i.protocol))if(i.host===a.host)if(l.activeElement===r)d.top.location.href=t.value}}},e)d.addEventListener(\"message\",d.wp.receiveEmbedMessage,!1),l.addEventListener(\"DOMContentLoaded\",t,!1),d.addEventListener(\"load\",t,!1);function t(){if(!o){o=!0;for(var e,t,r,a=-1!==navigator.appVersion.indexOf(\"MSIE 10\"),i=!!navigator.userAgent.match(\/Trident.*rv:11\\.\/),s=l.querySelectorAll(\"iframe.wp-embedded-content\"),n=0;n<s.length;n++){if(!(r=(t=s[n]).getAttribute(\"data-secret\")))r=Math.random().toString(36).substr(2,10),t.src+=\"#?secret=\"+r,t.setAttribute(\"data-secret\",r);if(a||i)(e=t.cloneNode(!0)).removeAttribute(\"security\"),t.parentNode.replaceChild(e,t);t.contentWindow.postMessage({message:\"ready\",secret:r},\"*\")}}}}(window,document);\n<\/script>\n","thumbnail_url":"https:\/\/2022.innsbruckinternational.com\/wp-content\/uploads\/2022\/03\/Nada-Prlja_II-2022_Altes-Landhaus_03-scaled.jpg","thumbnail_width":767,"thumbnail_height":1024,"description":"Nada Prlja hinterfragt mit ihrer Arbeit den kritischen Diskurs \u00fcber Politik, Nationalismus, \u00dcbergangserfahrungen ehemaliger sozialistischer L\u00e4nder (und ihrer Bev\u00f6lkerung), Menschenrechte und Migration. Sie greift den historischen und politischen Kontext eines bestimmten Ortes auf und setzt ihn in einen Rahmen sozialer Verh\u00e4ltnisse. Diese Thematiken spiegeln sich auch in der \u00f6ffentlichen Intervention AUSTRIA(N) wieder, die diesen Titel [&hellip;]"}

Nada Prlja hinterfragt mit ihrer Arbeit den kritischen Diskurs über Politik, Nationalismus, Übergangserfahrungen ehemaliger sozialistischer Länder (und ihrer Bevölkerung), Menschenrechte und Migration. Sie greift den historischen und politischen Kontext eines bestimmten Ortes auf und setzt ihn in einen Rahmen sozialer Verhältnisse. Diese Thematiken spiegeln sich auch in der öffentlichen Intervention AUSTRIA(N) wieder, die diesen Titel [&hellip;]
