{"version":"1.0","provider_name":"Innsbruck International 2022","provider_url":"https:\/\/2022.innsbruckinternational.com\/de","author_name":"Nicole Alber","author_url":"https:\/\/2022.innsbruckinternational.com\/de\/author\/nicole\/","title":"Walking Concert: Die Strottern, 18:00 - Innsbruck International 2022","type":"rich","width":600,"height":338,"html":"<blockquote class=\"wp-embedded-content\" data-secret=\"T4WWRsk6gW\"><a href=\"https:\/\/2022.innsbruckinternational.com\/de\/event\/walking-concert-die-strottern\/\">Walking Concert: Die Strottern, 18:00<\/a><\/blockquote><iframe sandbox=\"allow-scripts\" security=\"restricted\" src=\"https:\/\/2022.innsbruckinternational.com\/de\/event\/walking-concert-die-strottern\/embed\/#?secret=T4WWRsk6gW\" width=\"600\" height=\"338\" title=\"&#8222;Walking Concert: Die Strottern, 18:00&#8220; &#8211; Innsbruck International 2022\" data-secret=\"T4WWRsk6gW\" frameborder=\"0\" marginwidth=\"0\" marginheight=\"0\" scrolling=\"no\" class=\"wp-embedded-content\"><\/iframe><script type=\"text\/javascript\">\n\/*! This file is auto-generated *\/\n!function(d,l){\"use strict\";var e=!1,o=!1;if(l.querySelector)if(d.addEventListener)e=!0;if(d.wp=d.wp||{},!d.wp.receiveEmbedMessage)if(d.wp.receiveEmbedMessage=function(e){var t=e.data;if(t)if(t.secret||t.message||t.value)if(!\/[^a-zA-Z0-9]\/.test(t.secret)){for(var r,a,i,s=l.querySelectorAll('iframe[data-secret=\"'+t.secret+'\"]'),n=l.querySelectorAll('blockquote[data-secret=\"'+t.secret+'\"]'),o=new RegExp(\"^https?:$\",\"i\"),c=0;c<n.length;c++)n[c].style.display=\"none\";for(c=0;c<s.length;c++)if(r=s[c],e.source===r.contentWindow){if(r.removeAttribute(\"style\"),\"height\"===t.message){if(1e3<(i=parseInt(t.value,10)))i=1e3;else if(~~i<200)i=200;r.height=i}if(\"link\"===t.message)if(a=l.createElement(\"a\"),i=l.createElement(\"a\"),a.href=r.getAttribute(\"src\"),i.href=t.value,o.test(i.protocol))if(i.host===a.host)if(l.activeElement===r)d.top.location.href=t.value}}},e)d.addEventListener(\"message\",d.wp.receiveEmbedMessage,!1),l.addEventListener(\"DOMContentLoaded\",t,!1),d.addEventListener(\"load\",t,!1);function t(){if(!o){o=!0;for(var e,t,r,a=-1!==navigator.appVersion.indexOf(\"MSIE 10\"),i=!!navigator.userAgent.match(\/Trident.*rv:11\\.\/),s=l.querySelectorAll(\"iframe.wp-embedded-content\"),n=0;n<s.length;n++){if(!(r=(t=s[n]).getAttribute(\"data-secret\")))r=Math.random().toString(36).substr(2,10),t.src+=\"#?secret=\"+r,t.setAttribute(\"data-secret\",r);if(a||i)(e=t.cloneNode(!0)).removeAttribute(\"security\"),t.parentNode.replaceChild(e,t);t.contentWindow.postMessage({message:\"ready\",secret:r},\"*\")}}}}(window,document);\n<\/script>\n","thumbnail_url":"https:\/\/2022.innsbruckinternational.com\/wp-content\/uploads\/2022\/03\/Innsbruck-International-2022-Cookie-Die-Strottern-189-scaled.jpg","thumbnail_width":1024,"thumbnail_height":683,"description":"Im Rahmen von INNSBRUCK INTERNATIONAL 2022 l\u00e4dt Oliver Hangl zu seiner Konzertreihe im Gehen, die seit Ende 2013 eine Reihe von \u00f6sterreichischen Musiker*innen und auch das Publikum buchst\u00e4blich auf die Stra\u00dfe(n) schickt. Walking Concerts er\u00f6ffnen jedesmal neue Routen durch \u00f6ffentliche und vielleicht sogar private R\u00e4ume der Stadt und erkl\u00e4ren die Realit\u00e4t kurzerhand zum nicht kontrollierbaren [&hellip;]"}

Im Rahmen von INNSBRUCK INTERNATIONAL 2022 lädt Oliver Hangl zu seiner Konzertreihe im Gehen, die seit Ende 2013 eine Reihe von österreichischen Musiker*innen und auch das Publikum buchstäblich auf die Straße(n) schickt. Walking Concerts eröffnen jedesmal neue Routen durch öffentliche und vielleicht sogar private Räume der Stadt und erklären die Realität kurzerhand zum nicht kontrollierbaren [&hellip;]
